t is 12 - 21121?
-21102
In base 10, what is 0 + -102?
-102
In base 5, what is -14 - 214?
-233
In base 15, what is 2 - 33?
-31
In base 16, what is -4 + 77?
73
In base 10, what is -364 - -3?
-361
In base 14, what is -3 - -2d0?
2cb
In base 10, what is -2 - 268?
-270
In base 7, what is 1206 + -104?
1102
In base 2, what is 1 - 10111?
-10110
In base 10, what is 3 + 85?
88
In base 14, what is -73 - -3?
-70
In base 6, what is 135 + 35?
214
In base 7, what is -3 + -112?
-115
In base 2, what is 10 - -110111111000?
110111111010
In base 9, what is 1525 + 0?
1525
In base 7, what is -1 + 606?
605
In base 2, what is -101 + 1101000111101?
1101000111000
In base 4, what is -3 + -102?
-111
In base 4, what is 113 + -322?
-203
In base 16, what is 18c - 4?
188
In base 7, what is 101 - -634?
1035
In base 5, what is 100 + 14?
114
In base 15, what is -3d + 2?
-3b
In base 14, what is -6 + 14?
c
In base 12, what is -2 + a81?
a7b
In base 5, what is 0 + -30?
-30
In base 13, what is -1 - -151?
150
In base 9, what is -1 + 61?
60
In base 2, what is -11 - 100?
-111
In base 12, what is 0 - 3?
-3
In base 16, what is -4 + -180e?
-1812
In base 15, what is b - 70?
-64
In base 14, what is 27 - 2?
25
In base 15, what is 1d + -4?
19
In base 6, what is 23 - -1545?
2012
In base 8, what is 3704 - -1?
3705
In base 12, what is -5 - -50?
47
In base 13, what is 143 + -36?
10a
In base 12, what is -a476 - 5?
-a47b
In base 11, what is -4 + -45?
-49
In base 9, what is -85 - 35?
-131
In base 6, what is -1 + 44?
43
In base 13, what is 0 - 18?
-18
In base 3, what is -11 - -10220012?
10220001
In base 2, what is -110001101 + 101?
-110001000
In base 15, what is -bc - -5?
-b7
In base 6, what is 13020 + 4?
13024
In base 9, what is -3518 + 1?
-3517
In base 11, what is -36 + 22?
-14
In base 7, what is -5 - -3336?
3331
In base 7, what is 5 + 2000?
2005
In base 16, what is 1 + -c7?
-c6
In base 6, what is 5 + -145?
-140
In base 15, what is -1 - 658?
-659
In base 7, what is -410 + 5?
-402
In base 13, what is 1a69 + 2?
1a6b
In base 12, what is -2a3 - -1?
-2a2
In base 4, what is -3300132 + 3?
-3300123
In base 13, what is -2a5 - -1?
-2a4
In base 9, what is -6 - -12?
5
In base 2, what is -10 + -1010111?
-1011001
In base 13, what is -109 + -4?
-110
In base 5, what is -43 - -201?
103
In base 15, what is -632 - -4?
-62d
In base 4, what is 103 + -12211?
-12102
In base 7, what is -2226 + -6?
-2235
In base 4, what is -1113 - -311?
-202
In base 3, what is 102112 - 120?
101222
In base 9, what is -108 + -10?
-118
In base 6, what is 4 - 3433?
-3425
In base 6, what is 2125 + 5?
2134
In base 8, what is -6307 - 1?
-6310
In base 14, what is 479 + -4?
475
In base 15, what is 1 + -ae?
-ad
In base 11, what is -1454 - -4?
-1450
In base 11, what is -10 + 14?
4
In base 6, what is 1244 - -5?
1253
In base 3, what is 1 + 12022?
12100
In base 7, what is 0 - 4316?
-4316
In base 7, what is -1 + -2613?
-2614
In base 10, what is -207 - 5?
-212
In base 15, what is 0 + -220?
-220
In base 9, what is -1800 + 4?
-1785
In base 6, what is -2501 - -3?
-2454
In base 7, what is 2 - 606?
-604
In base 7, what is -1 - -265?
264
In base 10, what is 404 + 17?
421
In base 9, what is 2 + -1?
1
In base 14, what is 1a - 2?
18
In base 12, what is 0 + -3b3?
-3b3
In base 8, what is 23 + -31?
-6
In base 4, what is -231201 - 20?
-231221
In base 13, what is 9 - -25?
31
In base 9, what is -4307 - -5?
-4302
In base 10, what is 22 + 302?
324
In base 16, what is 88 + -17?
71
In base 15, what is -3 + 54a?
547
In base 7, what is 6 - 44?
-35
In base 15, what is -30d + 6?
-307
In base 12, what is 2016 + 4?
201a
In base 7, what is -31 - 403?
-434
In base 10, what is -14155 - -2?
-14153
In base 4, what is -10 + -2211?
-2221
In base 9, what is -3 - -7255?
7252
In base 11, what is 25 - -16?
40
In base 6, what is 23152 - 0?
23152
In base 6, what is 13052 + -4?
13044
In base 16, what is 22 + 67?
89
In base 16, what is 3 + 8?
b
In base 15, what is 17 + -3?
14
In base 16, what is 2 + -a58?
-a56
In base 4, what is 3 - 211?
-202
In base 3, what is -212101 - 122?
-220000
In base 11, what is 2833 + 0?
2833
In base 13, what is 3 - -10a4?
10a7
In base 4, what is -230 + 20?
-210
In base 6, what is 232300 - -5?
232305
In base 4, what is 1111 - -21?
1132
In base 3, what is -21122 + 211?
-20211
In base 6, what is 2411 - 5?
2402
In base 2, what is 101 - 10100111?
-10100010
In base 8, what is 32 - 3?
27
In base 11, what is -4265 + -2?
-4267
In base 5, what is -1103 - -40?
-1013
In base 3, what is -10000 - -1020?
-1210
In base 7, what is -5 + 216?
211
In base 9, what is 3 - 3510?
-3506
In base 4, what is 11 - 31?
-20
In base 16, what is 7 - -4?
b
In base 10, what is -3 - 1591?
-1594
In base 7, what is -15 - -20?
2
In base 4, what is 23123 - -10?
23133
In base 9, what is 114 + 3?
117
In base 9, what is -8 - -55?
46
In base 15, what is 3db - 4?
3d7
In base 3, what is -100220120 + 12?
-100220101
In base 9, what is 23 + -7?
15
In base 16, what is 39 - 2?
37
In base 9, what is -2510 + -4?
-2514
In base 4, what is -200232 + 10?
-200222
In base 14, what is -4 - 2d8?
-2dc
In base 9, what is 0 - -766?
766
In base 5, what is 2321 - -3?
2324
In base 8, what is -14 - 122?
-136
In base 9, what is -6 + -172?
-178
In base 11, what is 13 - 15?
-2
In base 7, what is -16550 - 5?
-16555
In base 2, what is -1 + 110001?
110000
In base 2, what is 0 - -10100110?
10100110
In base 13, what is 9a1 + 3?
9a4
In base 12, what is -17 + -9?
-24
In base 13, what is -5 + 39?
34
In base 4, what is -3233 + -2?
-3301
In base 7, what is 13541 + 4?
13545
In base 12, what is -8 + 129?
121
In base 7, what is 0 - 2616?
-2616
In base 15, what is -9 - -18?
e
In base 3, what is 220221022 - 1?
220221021
In base 3, what is 2 - 111010?
-111001
In base 4, what is 122 + -1331?
-1203
In base 13, what is 8 - -1a?
25
In base 14, what is 5 + 13?
18
In base 14, what is 22 + -7?
19
In base 6, what is 454 + 12?
510
In base 7, what is -350 - -2?
-345
In base 16, what is -217b + 3?
-2178
In base 12, what is 7393 - 3?
7390
In base 16, what is -2090 + -3?
-2093
In base 5, what is -4 + -11130?
-11134
In base 16, what is -2 - -290?
28e
In base 8, what is 202 - 4?
176
In base 4, what is -200 - -23?
-111
In base 15, what is 4 + 2b?
30
In base 16, what is 6 - 10a?
-104
In base 12, what is 2 + 7b?
81
In base 4, what is -210 + -2?
-212
In base 3, what is 21 + 122?
220
In base 13, what is 8 + 12?
1a
In base 11, what is 47 + -a?
38
In base 14, what is -a17 + -3?
-a1a
In base 11, what is 3 - -230?
233
In base 4, what is -2 - 120022?
-120030
In base 6, what is 1 + -21321?
-21320
In base 2, what is -111011 - -101001?
-10010
In base 14, what is -da + 38?
-a2
In base 14, what is 0 - 2c?
-2c
In base 2, what is -100 - -11001101?
11001001
In base 10, what is 35146 - 0?
35146
In base 8, what is 30627 + 1?
30630
In base 11, what is -30 + 15?
-16
In base 5, what is -103 - 11?
-114
In base 10, what is 3 - 197?
-194
In base 15, what is -38e - -5?
-389
In base 15, what is c4 + -5?
be
In base 13, what is -2 - a9b?
-aa0
In base 15, what is -3eb8 + -3?
-3ebb
In base 8, what is -1260 - -5?
-1253
In base 12, what is -14 - 1?
-15
In base 13, what is 4 - a0?
-99
In base 4, what is -1022 - -1?
-1021
In base 4, what is -33121 - -13?
-33102
In base 12, what is 4b - -27?
76
In base 8, what is 4 + -571?
-565
In base 14, what is -b3 + 3?
-b0
In base 14, what is -14b - -5?
-146
In base 16, what is 67c + 0?
67c
In base 4, what is 1 + 330010?
330011
In base 5, what is -401 + 1422?
1021
In base 8, what is 27 - 21?
6
In base 13, what is -2 - 713?
-715
In base 6, what is -31 - -2554?
2523
In base 10, what is 3 + 1889?
1892
In base 8, what is 0 - 31?
-31
In base 12, what is -107a - -3?
-1077
In base 7, what is 3154 - -4?
3161
In base 8, what is -5 - 6016?
-6023
In base 7, what is -12051 + -5?
-12056
In base 13, what is 5a + 5?
62
In base 5, what is 0 - 414?
-414
In base 8, what is 15143 + 5?
15150
In base 12, what is 54 + a?
62
In base 4, what is 10 - -13031?
13101
In base 15, what is 3 + 126?
129
In base 12, what is 245b + 1?
2460
In base 7, what is 13401 + 2?
13403
In base 5, what is -114442 - -1?
-114441
In base 16, what is 4ef + -3?
4ec
In base 9, what is -30 - 2?
-32
In base 13, what is 15 + 75?
8a
In base 7, what is -25541 + -3?
-25544
In base 13, what is 1 + -34?
-33
In base 8, wha